. Let k = -22 - -94. Let i = k + -69. Calculate the highest common divisor of i and z.
3
Suppose 243*b = -228*b + 454*b + 32147. Calculate the greatest common factor of b and 183.
61
Let g = -318 + 435. Calculate the highest common factor of g and 153.
9
Let s be (3 + -3)/((-8)/4). Suppose 3*d - h - 33 = s, 0 = d - 4*d - 3*h + 45. Suppose d + 30 = 7*k. What is the highest common factor of k and 9?
3
Let x be 117/4 + 2/(-8). Let m(r) = -r + 241. Suppose 3*i + 4*g + 64 = 0, i - 5*g + 17 = -2*g. Let n be m(i). Calculate the highest common divisor of x and n.
29
Let r(x) = -26*x - 81. Let g be r(-18). Calculate the highest common divisor of 43 and g.
43
Let w(x) = -2*x**3 - 39*x**2 + 15*x + 718. Let a be w(-19). Calculate the highest common divisor of 1242 and a.
18
Suppose -1042*q = -1004*q - 73644. Calculate the highest common divisor of 114 and q.
114
Let n be -1 - 5/(-1)*1. Suppose 6*y - 5 = 3*v + 2*y, 5*y = 3*v + 7. Suppose 2*l = -n*m + 20, 4*l = 3*m + 6 + v. What is the highest common factor of 9 and m?
3
Suppose -f + 5 = 1. Suppose -95 = -4*s - f*l + 161, -3*s = 4*l - 190. Suppose -5*v - 1 = -s. Calculate the greatest common factor of v and 13.
13
Let a be (-1)/((-12)/92*1)*3. What is the highest common factor of 4324 and a?
23
Let v be -3*3/(-18) + 37018/332. What is the greatest common factor of 272 and v?
16
Let d be 2555/14*(-8)/((-539)/63 + 8). What is the greatest common factor of 8 and d?
4
Suppose -20 = -4*g, -3*g + 110 + 25 = 4*d. Suppose 3 = b - 0*b, 5*y - 3*b - 431 = 0. Let h = 103 - y. What is the greatest common divisor of d and h?
15
Suppose 4*c = -4*z + 660, -116 = -2*c - z + 206. What is the highest common divisor of 17741 and c?
157
Let h be 8/6*(-648)/(-48). Suppose 0 = -3*p - 5*q + 38, -4*p + 3*q + 52 = -h. What is the greatest common divisor of 592 and p?
16
Suppose o - 4*s + 14 = 0, -o - 4*o = 3*s + 1. Let n be -2 - o*11*2. Suppose -n = -7*z + 4*z. Calculate the highest common divisor of 126 and z.
14
Suppose 5*k = u + 239, 4*k - 5*u - 205 = -18. Suppose 3*d - o = -6*o + 177, -d = 4*o - 52. Calculate the highest common factor of d and k.
16
Suppose -p + 1839 = 1634. Calculate the highest common divisor of 2911 and p.
41
Let k = -124 - -74. Let u = -32 - k. Suppose -2*m + 4*w = -110, 0 = 4*m + 5*w - 90 - 65. Calculate the highest common factor of m and u.
9
Let b = -23429 + 23649. What is the greatest common factor of b and 132?
44
Let h(a) = -33*a**3 + 2*a**2 - 18*a + 28. Let x be h(-5). What is the greatest common factor of 324 and x?
81
Let v be (-1304)/(-120) + -11 - 548/(-60). Calculate the greatest common divisor of v and 1260.
9
Suppose 3*w = -5*n + 114, 2*w - 36 = -3*n + 32. Suppose -n = q - 44. What is the greatest common divisor of 40 and q?
20
Let g(q) = 82*q - 840. Let o be g(12). What is the highest common divisor of 1044 and o?
36
Let h(t) = t**3 - 35*t**2 + 74*t - 129. Let a be h(33). Calculate the highest common divisor of 702 and a.
27
Suppose -62*g - 491700 = -282*g. What is the greatest common factor of g and 45?
15
Let s = 56 - 148. Let z = s + 147. Calculate the highest common factor of z and 99.
11
Let p = -16 + 30. Suppose 90 = 7*r + 76. What is the highest common divisor of r and p?
2
Let i = -89 - -149. Suppose 0 = -4*k - 20 + 80. Let v be 6/k - (-290)/25. What is the highest common factor of v and i?
12
Let h(p) = -3*p - 3 - 1 + 18*p**2 + 4*p. Suppose 3*r + 20*y = 18*y - 1, -5*r = 3*y + 3. Let x be h(r). Calculate the greatest common divisor of 62 and x.
31
Let n be 9/21 - (-72)/28. Let w = 0 + n. Suppose 2*m - 28 = 5*a, -24 = -w*m - 2*m + a. Calculate the greatest common divisor of m and 16.
4
Let d(l) = -5*l**3 + 6*l**2 + 2*l + 23. Let r be d(-5). Let c = 1310 - r. Suppose -3402 = -8*o - c. Calculate the greatest common factor of 45 and o.
45
Suppose 22 = -4*o + 10. Let u = -1 + o. Let t(f) = f**3 + 4*f**2 - 3*f + 2. Let p be t(u). What is the highest common factor of p and 98?
14
Let m(u) = 12*u + 2. Let q be m(-7). Let y = q + 83. Let s be 4 + (y/(-4) - (-164)/16). What is the greatest common divisor of 56 and s?
14
Suppose s - 2*s = -28. Let m(y) = 120*y - 64*y - 57*y + 113*y**2 - 44*y**2. Let v be m(-1). Calculate the highest common factor of v and s.
14
Suppose 25*y = 13*y + 144. Suppose -y*f + 2840 = -6832. Calculate the highest common divisor of 26 and f.
26
Let a(u) = -2*u**3 + 11*u**2 + 42*u + 95. Let o be a(-5). What is the greatest common divisor of o and 1722?
82
Let w = 7571 + -7400. Calculate the highest common divisor of 51 and w.
3
Suppose 5*t - s - 423 = 1457, -3*t = -4*s - 1145. Let o = -298 + t. What is the highest common divisor of o and 7?
7
Let z(k) = -k + 10. Let q be z(-14). Let j(l) = -l**2 + 4*l + 5. Let y be j(5). Suppose 7*u + q - 101 = y. What is the highest common factor of u and 121?
11
Let g(n) = -820*n + 955. Let l be g(1). What is the highest common divisor of 621 and l?
27
Suppose -n + 11010 = 3*v, -55100 = -5*n - 263*v + 258*v. What is the highest common factor of 63 and n?
63
Suppose 0 = 2*s + 2*f - 3*f - 56, 5*f = 3*s - 77. Suppose 3*y - s = 2*y. Let a be (-11)/44 + y/4. Calculate the greatest common factor of a and 77.
7
Suppose 5*i - 2*v - 659 = 0, -47*i - 3*v = -48*i + 124. Calculate the highest common divisor of i and 1197.
133
Let i = -16 - -68. Let s be 6 + i + 7/(-7). What is the greatest common factor of s and 1539?
57
Let i(k) = 760*k + 9080. Let b be i(-11). What is the greatest common factor of b and 11760?
240
Suppose 1866*x - 1890*x = -1800. What is the highest common factor of x and 3?
3
Let h(a) = -3*a**3 + 2*a**2 + 3*a - 3. Let z be h(2). Let q = 11 - z. Let i be 582/q + 1/(-4). Calculate the greatest common factor of i and 8.
8
Let b be 0 + 1/1 + 29. Let o(u) be the first derivative of 31*u**3/3 + u**2/2 - 2*u + 132. Let v be o(1). Calculate the highest common factor of v and b.
30
Let v = 400 - 277. Let y = -59 + v. What is the highest common factor of y and 8?
8
Suppose 0 = 2*o - t - 1 - 25, -o + 3*t = -3. What is the greatest common divisor of o and 335?
5
Let b = -18414 + 18519. Let c(k) = -k**2 - 16*k - 13. Let a be c(-12). What is the highest common factor of a and b?
35
Let u(j) = -j**3 - 12*j**2 + 14*j + 14. Let m be u(-13). Let c = 2440 - 2439. What is the highest common factor of m and c?
1
Let f(t) = 3*t - 8. Let z(a) = -8 + 12*a**3 - 5*a**2 + 9*a**3 + 18 - 20*a**3. Let k be z(5). Let i be f(k). What is the greatest common factor of 55 and i?
11
Let c(h) = -h**3 - 2*h**2 + h + 1. Let z(x) = -4*x**3 + 10*x + 25. Let i(m) = -5*c(m) + z(m). Let a be i(-9). Calculate the highest common divisor of a and 28.
28
Let b = -11068 + 11092. What is the highest common factor of 5592 and b?
24
Let f = -2941 + 4177. Calculate the greatest common factor of f and 4.
4
Suppose 82 + 318 = -25*i. Let m be i - -50 - (-18)/(-3). Suppose -3*r - 5*h + 11 = 0, -2*r + 2 + 14 = -h. Calculate the greatest common divisor of r and m.
7
Let f be 32/240 - 3206/(-30). Suppose -47*t + 23*t - 9 = -33*t. What is the greatest common divisor of f and t?
1
Suppose -25*v - 4144 = -14619. Let z = -373 + v. What is the highest common factor of 368 and z?
46
Let b be 3*2/4*(-4)/(-2). Suppose 5*q - 46 = -4*w, -b*w = -6*q + q - 17. Let s be 6/w*(-2 - -446). What is the highest common divisor of s and 37?
37
Let i(d) = 2*d**2 - 15*d + 7. Let h be i(8). Suppose -14*k = -h*k + 3. Let n be (-1 + k/6)*-32. Calculate the greatest common factor of n and 80.
16
Let l = 522 - 481. Let k = 1070 - 660. Calculate the greatest common factor of k and l.
41
Let t be 3056/20 - 12/15. Suppose -82*k + t = -84*k. Let g = 78 + k. What is the highest common divisor of 6 and g?
2
Suppose 4*i + i + 45 = 0. Let z be i/81 - 4756/(-36). Let a be 2/6 - 35/(-3). What is the highest common divisor of z and a?
12
Let f be (-564)/18*(-18)/12. Calculate the highest common factor of f and 11.
1
Suppose 6 = -7*m - 4*o + 50, 2*m - 3*o + 4 = 0. What is the greatest common divisor of m and 134?
2
Let g be (9/18)/((-3)/(-48)). Suppose 0 = -4*s + g*s - 180. What is the highest common divisor of 75 and s?
15
Suppose 0 = -145*u + 167*u - 15708. Calculate the greatest common divisor of 1302 and u.
42
Suppose -4*j - 1385 = -9*j. Suppose 751 = -2*n - j. Let w = 826 + n. Calculate the highest common divisor of w